et l(k) = -452*k + 1559. What is the units digit of l(-15)?
9
Let z(x) = -46*x**3 + 2*x**2 - 9*x - 11. Suppose -2*m - 14 = -2*n, -2*m - 2*n + 1 = -1. What is the units digit of z(m)?
6
Let a = 78722 - 35164. What is the units digit of a?
8
Suppose -3*d = x + 55, -d - x = -4*d - 47. Let a(r) = 2*r**2 + 25*r - 1. Let l be a(d). Let t = l + -10. What is the tens digit of t?
4
What is the tens digit of -2*36218/(-84)*12?
4
Suppose 4*p - 13*a + 10*a - 57 = 0, -2*a = 2*p - 18. What is the tens digit of 318/p*(0 - 12/(-1))?
1
Let x(n) = 59*n**2 + 28*n + 99. What is the hundreds digit of x(-12)?
2
Suppose 0 = -g, -3*j + 26944 = -j - 0*g + 2*g. What is the thousands digit of j?
3
Let v = -11017 + 39426. What is the hundreds digit of v?
4
Suppose 3698548 = 81*k + 56*k - 2970886. What is the thousands digit of k?
8
Let p be 15/6*(-1 + 3) + -3. Suppose -p*w + 3*m = -1156, 3*m + 2883 = 5*w - m. What is the hundreds digit of w?
5
Suppose -5*k = -z - 2*k + 2149, 6 = 3*k. Suppose z + 959 = 3*n. What is the hundreds digit of n?
0
Let h = 281 + 243. Let m = h - 220. Suppose m = 12*c - 2708. What is the hundreds digit of c?
2
Let t be ((-16)/(-8) - -5) + -2. Suppose -5*a - 3475 = -5*u - 380, 0 = u - t*a - 615. What is the tens digit of u?
2
Let v be 173 + 0 + 0 + 4. Suppose 3*p - v = 4*p. What is the units digit of (-2)/6*(0 + p)?
9
Let w(x) = -17*x**3 - 66*x**2 - x + 7. Let r be w(-4). Suppose r*t - 8244 = 53117. What is the units digit of t?
7
Suppose -5*h + 24 = 5*t - 1, 5*t - 7 = h. Suppose 0 = 5*l - h*l - 10. Suppose l*b - 88 - 127 = 0. What is the units digit of b?
3
Let m = 6314 + -324. What is the tens digit of m?
9
Suppose -8*n + 280 = 27*n. Let o(g) = -g**3 - g**2 + g + 1. Let x(h) = -9*h**2 - 10*h + 13. Let k(m) = o(m) - x(m). What is the tens digit of k(n)?
7
Suppose -94595 = -6*k + 106729 + 56958. What is the ten thousands digit of k?
4
Let m(n) be the first derivative of -n**2/2 + 40*n + 16. Let b be m(18). What is the hundreds digit of -15*1410/(-198) + 4/b?
1
Suppose 0 = -2*f - 2, -5*f + 12 = 4*i + 53. Let g(j) = -54*j - 18. What is the hundreds digit of g(i)?
4
Suppose -m + r = -6133 - 7476, 4*r = -4*m + 54484. What is the units digit of m?
5
Let b = 9236 - 2202. What is the units digit of b?
4
Let o(i) = i**3 + 20*i**2 + 17*i - 14. Let t be 6/(-4)*(-3)/27*-78. What is the units digit of o(t)?
8
Suppose 0 = -37*c + 42*c - 25. Suppose -c*r + 4290 = 5*r. What is the hundreds digit of r?
4
Let f = -51937 - -101895. What is the units digit of f?
8
Suppose 1562 = 2*n + 5*b, -9*b + 11*b = -3*n + 2321. What is the tens digit of n?
7
Suppose 114*x = 141*x. Suppose 4*q = -0*s - 2*s + 1716, x = -3*s - 5*q + 2576. What is the units digit of s?
2
Let x(i) = -2*i**2 + 26*i + 24. Let d be x(12). Suppose d*w = 37*w + 6919. What is the hundreds digit of w?
6
Let c be -1 + (1 - 1 - 1). Let l be (c/4)/(2/(-4))*-42. Let g = l - -49. What is the units digit of g?
7
What is the tens digit of (-5)/(((-39)/(-3639))/(-13))?
6
Let n = 410 + -418. What is the tens digit of 12734/22 - (-19)/((-836)/n)?
7
Let z be (-3)/4 - (-4551)/4. Suppose -5567 + z = -10*j. Suppose 0 = -5*o - 4*g + j, -2*o + o - g = -89. What is the tens digit of o?
8
Let r be 5/((-65)/(-10) - 4). Suppose c - 4*q + 1290 = r*c, -2*q - 5232 = -4*c. What is the hundreds digit of c?
3
Let q be (-2)/1 - (-237 - 1)/2. Let y = -112 + q. Suppose 2*o + 9 = -y*z + 808, 644 = 4*z + 4*o. What is the units digit of z?
9
Let v(s) = 27*s - 19*s + 4*s**2 + s**3 - 10 - 12*s**2 - 2*s**3. Let z be v(-9). What is the tens digit of (-7 - -2 - (z + -1)) + 234?
3
Let j(c) be the second derivative of 9*c**3 + 47*c**2/2 + 5*c. What is the units digit of j(5)?
7
Suppose -3*c - 3*x = -15, x + 4 + 31 = 3*c. Suppose 0 = 4*q - 6 - c. Suppose -3*s - 378 = -3*w, 4*s + s = q*w - 503. What is the hundreds digit of w?
1
Let d = 17 - 21. Let s be -3 + (d*(-1)/2 - 1). What is the tens digit of 64/36 + s + 1410/27?
5
Let i = 68 - 15. Let t = i - -321. What is the tens digit of t?
7
Let n be (376/14)/(7/((-245)/(-10))). Suppose -2*b - 37*l = -32*l - n, -l + 152 = 4*b. What is the units digit of b?
7
Let c(d) = -15*d**3 - 2*d**2 - 2*d + 7. Let u be c(-3). What is the units digit of (850/(-200))/(-1 - (-398)/u)?
0
Suppose 30*n = 23*n + 2163. Suppose 0 = 5*h + 5*j - 795, -13*h - 5*j + n = -11*h. What is the tens digit of h?
6
Let z be -2 + -2 - 16/(-12)*-3. What is the tens digit of ((-7796)/z - -3)*52/65?
8
Let m(u) = 8*u + 63. Let c be m(-8). Let l(h) = -62*h - 37. What is the units digit of l(c)?
5
What is the tens digit of (-18)/12*(-630660)/90?
1
Let n(k) = -6360*k + 60. Let j be n(-6). Suppose -29*x - 6117 = -j. What is the hundreds digit of x?
1
Suppose 5*x = 7*x - 4. Suppose x*u - 7*a = -3*a + 24, u + 3 = -a. Suppose -66 = u*i - 4*i. What is the tens digit of i?
3
Let i be 66/(-33)*(-262 + -1). Suppose 478 = 2*c - i. What is the hundreds digit of c?
5
Let r be 155*(-2)/(-5)*(-6)/(-3). What is the tens digit of (-17582)/(-18) + r/558?
7
Suppose 3*f + 1794 = 81*f. Let q = 143 - -63. Suppose -f = n - q. What is the tens digit of n?
8
Suppose -5*c + 45 = 5*d, -1 = -d - 5*c + 16. Suppose -2*v = -v - d. Suppose -v*b - 189 = -14*b. What is the tens digit of b?
2
Suppose -8*j = 80 - 160. Suppose 0 = c - 2*c - 5. What is the units digit of 60 + j/c + 3?
1
Suppose 0 = -5*y + 102 - 42. Suppose 0 = -p - 4*j + y, -3*p - 3*j + 6 = -3. Suppose 4*m = 2*z + 300, 2*m - 142 = -p*z + 5*z. What is the tens digit of m?
7
Let b(w) = 5*w**2 + 3*w - 4. Let z be b(6). Suppose -443 = 5*x - c + 5, -82 = x - 4*c. Let y = z + x. What is the tens digit of y?
0
Suppose 3 = 3*q - 2*l - 1, 5*l = 5*q - 15. Let m be (-5)/(-5) - (-60 - q). Suppose -n + 4 = 0, 4*i + m = 5*i + n. What is the tens digit of i?
5
Suppose -23 = 3*a - 4*l, -2*l + 7*l = 3*a + 28. Let n(y) be the second derivative of 5*y**4/4 + 5*y**3/6 + 2*y**2 + 8*y - 1. What is the tens digit of n(a)?
1
Suppose 2*r - 4 = 2. Suppose r*u = 3*x - 7*x + 1331, 4*x - 3*u - 1325 = 0. What is the units digit of x?
2
Suppose -n = 4*w - 36762, 24*n - 18402 = -2*w + 20*n. What is the thousands digit of w?
9
Let y be (-20 - -25)*(-12)/(-15). Suppose -y*x + 920 = 2*c, -4*x + 920 = -7*c + 4*c. What is the hundreds digit of x?
2
Let x be ((-114)/42 - (-4)/(-14))*-3. Suppose x*t - 4*t = 2000. Suppose 3*p = -p + t. What is the tens digit of p?
0
Let o(u) = 8*u**2 - 5*u + 4. Let h be o(1). Suppose 0 = h*z + z + 1320. Let b = -7 - z. What is the units digit of b?
8
What is the units digit of (2/(-4))/((-102)/1336812)?
3
Suppose -631577 = -53*w + 3693044 - 410677. What is the thousands digit of w?
3
Let w = 21534 + -12504. What is the hundreds digit of w?
0
Let u be ((-112)/(-20))/((-688)/(-340) + -2). Suppose c - u = 2*o, -3*o + 4 = -2*o. What is the units digit of c?
6
Let p(x) = -12354*x + 491. What is the thousands digit of p(-5)?
2
Suppose -15 = -3*w, -14*w + 4885 = 4*s - 13*w. What is the tens digit of s?
2
Suppose 0 = 245*s - 241*s + 2*q - 291668, 5*s - 364589 = -3*q. What is the tens digit of s?
1
Suppose 0 = 4*n + 8, 12*w + 5*n - 7724 = 11*w. What is the tens digit of w?
3
Let y(i) = 24*i**2 - 3*i. Let a be y(-5). Let n be (-5)/(-3)*(7 - -35)/14. Suppose n*x = -0*x + a. What is the hundreds digit of x?
1
Let m(u) = -693*u + 93. Let h be m(17). What is the tens digit of 3 + (-2 + -1 - h/12)?
7
Let a(m) = -155*m**3 - 15*m**2 - 28*m - 7. What is the thousands digit of a(-4)?
9
Let x(k) = -k. Let p(o) = 54. Let j(h) = -p(h) + 4*x(h). Let i be j(-16). What is the units digit of -5*-4*41/i?
2
Suppose -r = -h - 1867, 48*h - 50*h = r - 1864. Suppose 5*s = -2*b + 1872, -2*b + 0*b + r = 2*s. What is the tens digit of b?
3
Let y = -30 - -42. Let c(p) = p**3 - 11*p**2 - 11*p + 6. Let d be c(y). Let k(f) = 2*f**3 - 36*f**2 + 3*f - 10. What is the tens digit of k(d)?
4
Suppose 8*m = 40945 - 345. What is the thousands digit of m?
5
Let t(g) = -g**3 + 20*g**2 + 73*g + 31. What is the hundreds digit of t(21)?
1
What is the hundreds digit of ((9 + -12)/((-189)/(-1120686)))/((-4)/6)?
6
Let b(x) = -2*x**2 - 55*x + 25. Let y be b(-28). Let l(t) = -106*t + 36. What is the units digit of l(y)?
4
Suppose 2*t = -5*z - 586, t - z = -445 + 138. Let h = t - -496. What is the hundreds digit of h?
1
What is the thousands digit of (-38)/(-57)*35310